 + 14. Give t(0).
14
Let n(g) = -g**3 - 18*g**2 + 17*g - 47. What is n(-19)?
-9
Let d(t) = -t**3 + 29*t**2 - 3*t + 84. Give d(29).
-3
Let z(l) = -2*l**3 + 2*l**2 + 3*l - 3. Calculate z(2).
-5
Let m(i) = -i**3 + 15*i**2 - i + 15. Calculate m(15).
0
Let f(o) = -24*o + 22. Calculate f(4).
-74
Let t(s) = -3*s - 2. Calculate t(-2).
4
Let d(v) = -2*v**2 - 31*v + 17. Give d(-16).
1
Let p(s) = s**2 + 10*s - 1. What is p(-7)?
-22
Let b(h) = -82*h + 980. Give b(12).
-4
Let t(v) = v**3 - 5*v**2 - 8*v - 3. Calculate t(6).
-15
Let j(h) = 8*h - 13. Give j(5).
27
Let t(p) = -p**2 + 29*p + 133. What is t(33)?
1
Let y(j) = -5*j + 112. Determine y(22).
2
Let y(b) = b**3 + 8*b**2 + 7*b + 7. Give y(-6).
37
Let b(f) = -2*f**2 + 12*f - 13. Determine b(8).
-45
Let n(c) = c**2 + 23*c - 8. Calculate n(-23).
-8
Let i(q) = -q**3 + 3*q**2 + 2*q - 1. Calculate i(3).
5
Let v(k) = -k**3 + 11*k**2 - 5*k - 9. Determine v(11).
-64
Let k(l) = 6*l - 4. Give k(2).
8
Let v(c) = -c**3 - 16*c**2 + 13*c - 17. Calculate v(-17).
51
Let d(q) = q**2 - 4*q + 2. Determine d(4).
2
Let h(n) = -n**3 + 2*n**2. Determine h(-2).
16
Let l(y) = -54*y**3 + 2*y**2 - y. What is l(1)?
-53
Let x(j) = -j**3 + 12*j**2 + 10*j + 16. What is x(13)?
-23
Let v(j) = 5*j**2 - 64*j - 8. Determine v(13).
5
Let j(x) = 9*x - 80. Calculate j(10).
10
Let u(f) = 4*f + 103. Determine u(-26).
-1
Let v(l) = l**3 - 10*l**2 + 20*l - 2. Calculate v(7).
-9
Let d(y) = -y**2 - 19*y + 18. Determine d(-17).
52
Let k(q) = -q**2 - 11*q - 17. Determine k(-10).
-7
Let s(n) = n**3 - 7*n**2 + 6*n - 3. What is s(6)?
-3
Let b(j) = 3*j**2 + 27*j + 13. What is b(-8)?
-11
Let t(c) = -5*c**2 - 11*c + 4. Calculate t(3).
-74
Let n(z) = 2*z**3 - 4*z**2 - 7*z + 4. Give n(3).
1
Let m(b) = 26*b + 2. Give m(2).
54
Let h(r) = -10*r - 132. Determine h(-14).
8
Let d(p) = -3*p**3 - p**2 - p - 1. Give d(-1).
2
Let j(c) = 2*c**3 - 43*c**2 - 123*c + 76. What is j(24)?
4
Let l(q) = -q**3 + 7*q**2 - 9*q - 2. Determine l(5).
3
Let y(c) = -2*c + 23. What is y(13)?
-3
Let t(k) = 6*k - 79. Calculate t(13).
-1
Let a(t) = 6*t - 13. Determine a(-9).
-67
Let a(g) = -g**3 - 12*g**2 - g - 8. Calculate a(-12).
4
Let c(d) = 5*d**2 - 3*d - 1. Determine c(-1).
7
Let f(r) = 3*r + 6. Calculate f(-7).
-15
Let q(t) = -3*t - 14. Determine q(-6).
4
Let g(f) = -f**2 + 35*f + 105. Give g(38).
-9
Let o(j) = -20*j + 76. Determine o(4).
-4
Let l(i) = i**3 + 9*i**2 + 21*i. Give l(-6).
-18
Let n(m) = -m**2 - 16*m - 60. Give n(-8).
4
Let b(k) = -k**2 + 2*k - 7. Determine b(0).
-7
Let t(g) = -5*g**2 + 5*g + 2. Give t(3).
-28
Let u(f) = 14*f - 18. What is u(-4)?
-74
Let l(d) = -34*d - 2. What is l(2)?
-70
Let r(h) = 2*h**2 + 5*h - 7. Calculate r(-4).
5
Let r(v) = v**3 + 6*v**2 - 3. Determine r(-6).
-3
Let b(o) = o**3 - 2*o**2 + o + 31. What is b(0)?
31
Let p(l) = l**2 + 7*l + 3. Determine p(-7).
3
Let x(u) = 3*u**2 - 2. Calculate x(-2).
10
Let u(c) = -c**3 + 7*c**2 - 11*c + 9. Calculate u(6).
-21
Let v(x) = -x**3 + 8*x**2 - 9*x + 9. Give v(6).
27
Let y(m) = -m**3 - 40*m**2 - 29*m + 386. Give y(-39).
-4
Let b(c) = -8*c - 54. What is b(-8)?
10
Let a(g) = -g**2 + 2*g + 20. Give a(6).
-4
Let l(t) = t**3 + 20*t**2 + t + 21. What is l(-20)?
1
Let y(h) = 4*h - 58. Give y(14).
-2
Let q(b) = -b**3 + b**2 - 2*b - 2. What is q(2)?
-10
Let k(a) = a**2 + 9*a - 1. Determine k(-8).
-9
Let z(i) = i**2 - 1. Determine z(3).
8
Let m(b) = -b**3 - 18*b**2 - 31*b + 21. Calculate m(-16).
5
Let t(r) = r**2 + 14*r - 9. What is t(-17)?
42
Let z(u) = u + 8. Give z(-14).
-6
Let d(q) = q**3 - 7*q**2 + 16*q - 55. Give d(6).
5
Let u(z) = z - 3. Determine u(2).
-1
Let p(h) = -h**3 + 7*h**2 - 4*h - 16. Give p(6).
-4
Let c(i) = -2*i**2 + 16*i + 37. Give c(-2).
-3
Let i(b) = -19*b + 148. Give i(8).
-4
Let x(w) = -2*w - 19. Give x(-9).
-1
Let h(l) = l**3 - 16*l**2 + l. Give h(16).
16
Let j(y) = -y**3 - y**2 + 3*y + 2. What is j(2)?
-4
Let t(c) = -c**2 + 5*c - 4. What is t(3)?
2
Let b(w) = 4*w + 61. Give b(-20).
-19
Let d(l) = 6*l**3 - 3*l**2 + 2*l - 4. Determine d(2).
36
Let o(f) = -f**2 - 10*f - 5. Calculate o(-10).
-5
Let s(k) = k**3 + 9*k**2 - 4. Give s(-9).
-4
Let k(a) = 135*a - 806. What is k(6)?
4
Let k(b) = 3*b**2 - 11*b - 7. What is k(5)?
13
Let q(r) = -11*r - 84. Calculate q(-6).
-18
Let k(l) = 3*l - 5. What is k(-2)?
-11
Let v(t) = t**3 + 4*t**2 - 4*t + 1. Give v(-5).
-4
Let m(a) = -13*a**2 - 34*a - 3. Give m(-2).
13
Let r(u) = u**2 + 2*u + 26. Give r(0).
26
Let n(x) = -x**3 + 2*x**2 + 6*x - 16. Calculate n(3).
-7
Let t(c) = c**3 + 4*c**2 - 10*c - 33. Give t(-5).
-8
Let x(q) = -19*q + 38. Calculate x(5).
-57
Let n(x) = 19*x**3 + x**2 - 1. What is n(-1)?
-19
Let j(h) = -h**3 + 17*h**2 - 57*h + 60. What is j(13)?
-5
Let l(u) = u**3 + 9*u**2 - 35*u + 8. Determine l(-12).
-4
Let n(p) = 2*p**2 - 2*p + 4. Give n(2).
8
Let p(l) = -l**3 + 25*l**2 + 2*l - 41. Calculate p(25).
9
Let f(o) = 4*o + 2. Calculate f(-9).
-34
Let r(c) = c**3 + 12*c**2 + 9*c - 9. What is r(-11)?
13
Let i(d) = d**2 + 20*d - 308. Calculate i(10).
-8
Let m(i) = 3*i - 35. Give m(27).
46
Let z(i) = i**3 + 3*i**2 - 5*i - 10. Give z(-3).
5
Let a(t) = -t**3 + 16*t**2 - 18*t + 24. Calculate a(15).
-21
Let t(g) = -18*g + 35. Calculate t(3).
-19
Let m(g) = -g**3 - 40*g**2 - 3*g - 108. Determine m(-40).
12
Let g(x) = x**2 + 12*x - 21. Calculate g(-13).
-8
Let t(y) = -y**2 + y - 44. What is t(0)?
-44
Let n(u) = 7*u - 7. Give n(-3).
-28
Let m(h) = h**3 - 12*h**2 + 35*h - 22. Give m(8).
2
Let o(x) = 10*x. What is o(1)?
10
Let t(g) = -8*g - 98. Determine t(-12).
-2
Let m(f) = f**3 - 23*f + 5. What is m(-5)?
-5
Let k(v) = -42*v + 21. Give k(2).
-63
Let l(o) = o**3 + 17*o**2 - 20*o - 46. Calculate l(-18).
-10
Let j(n) = 18*n - 52. What is j(6)?
56
Let c(w) = 2*w**2 + 5*w + 6. Determine c(-10).
156
Let b(h) = h**3 - 8*h**2 - 21*h + 9. What is b(10)?
-1
Let c(i) = -i**3 + 2*i**2 + 3*i + 1. What is c(-2)?
11
Let j(v) = -v**3 + 17*v**2 + 23*v - 59. Determine j(18).
31
Let r(k) = 3*k. Calculate r(2).
6
Let p(z) = -33*z + 9. Give p(4).
-123
Let g(m) = 60*m + 10. Give g(-1).
-50
Let w(g) = -g**2 + 21*g - 72. Determine w(3).
-18
Let o(n) = -2*n**3 - 7*n**2 + 14*n + 5. Determine o(-5).
10
Let b(f) = f**3 - f + 22. What is b(0)?
22
Let d(r) = r**2 + 14*r - 3. Give d(-14).
-3
Let b(i) = 2*i - 5. Give b(-8).
-21
Let o(i) = 10*i + 2. Give o(-2).
-18
Let k(b) = b**2 - 3*b - 42. Calculate k(9).
12
Let c(l) = -2*l - 26. Determine c(-12).
-2
Let s(o) = -2*o**3 + 6*o**2 + 8*o + 18. Calculate s(5).
-42
Let v(z) = -z**2 - 10*z - 7. What is v(-9)?
2
Let g(d) = d**3 + d**2 - d - 42. Calculate g(0).
-42
Let p(v) = -5*v**2 - 53*v + 29. What is p(-11)?
7
Let i(r) = -r**2 + 59. What is i(-8)?
-5
Let x(y) = y**3 + 23*y**2 - 52*y - 67. Determine x(-25).
-17
Let g(t) = -4*t**2 + 107*t + 33. Calculate g(27).
6
Let x(i) = -i**3 - 2. What is x(2)?
-10
Let d(t) = t**3 - 6*t**2 - 9*t - 6. Calculate d(7).
-20
Let t(m) = -13*m + 34. Give t(3).
-5
Let u(q) = -2*q**2 - 11*q - 4. Calculate u(-4).
8
Let g(d) = 9*d**2 - d + 1. Calculate g(1).
9
Let a(f) = 6*f**3 + 4*f**2 + 4*f + 2. Calculate a(-2).
-38
Let a(m) = -12*m + 65. Determine a(10).
-55
Let y(p) = -6*p. Calculate y(-1).
6
Let m(h) = h - 7. Calculate m(-3).
-10
Let o(z) = z - 21. Give o(43).
22
Let a(y) = 4*y**3 + 11*y**2 + 3*y + 16. Calculate a(-3).
-2
Let z(s) = s**3 + 5*s**2 + 5*s - 2. What is z(-4)?
-6
Let g(d) = 4*d + 96. Calculate g(0).
96
Let b(s) = s**3 - 6*s**2 + 10*s - 41. Give b(5).
-16
Let o(w) = -2*w**2 - 5*w - 3. Determine o(-4).
-15
Let b(f) = -4*f**2 + 2*f + 2. Calculate b(-1).
-4
Let p(t) = -t**3 + t**2 + t - 17. Determine p(0).
-17
Let n(m) = -m + 4. Give n(4).
0
Let w(i) = 5*i**3 - 3*i**2 + 55*i + 57. Determine w(-1).
-6
Let o(z) = -z**3 + 3*z**2 + 3*z - 4. Calculate o(3).
5
Let g(x) = -x**3 - 24*x**2 + x + 3. Calculate g(-24).
-21
Let l(q) = -5*q - 31. Give l(-7).
4
Let h(f) = f**3 - 13*f**2 - 14*f - 4. Give h(14).
-4
Let h(w) = -51*w + 105. Give h(2).
3
Let z(s) = -2*s**2 + 47*s + 3. Calculate z(0).
3
Let g(k) = k**3 + 6*k**2 + 3*k - 7. Give g(-5).
3
Let y(x) = -x**2 + 12*x - 10. Calculate y(10).
10
Let l(c) = -10*c + 118. Determine l(12).
-2
Let h(w) = 5*w**2 + 9*w + 9. Determine h(-3).
27
Let i(l) = -3*l**2 - 18*l + 14. Give i(-7).
-7
Let r(a) = -a**3 - 11*a**2 - 10*a + 4. Calculate r(-9).
-68
Let d(p) = p**2 - 17*p -